{"id":6280,"date":"2018-05-22T09:20:59","date_gmt":"2018-05-22T09:20:59","guid":{"rendered":"http:\/\/www.dr-majdani.de\/?page_id=5439"},"modified":"2022-09-30T10:31:18","modified_gmt":"2022-09-30T08:31:18","slug":"patienten-feedback","status":"publish","type":"page","link":"https:\/\/www.dr-majdani.de\/en\/patienten-feedback\/","title":{"rendered":"Patienten Feedback"},"content":{"rendered":"<div class=\"vc_row wpb_row vc_row-fluid edgtf-section vc_custom_1586073259382 edgtf-content-aligment-left\" style=\"\"><div class=\"clearfix edgtf-full-section-inner\"><div class=\"wpb_column vc_column_container vc_col-sm-12\"><div class=\"vc_column-inner\"><div class=\"wpb_wrapper\"><div class=\"vc_empty_space\"   style=\"height: 30px\"><span class=\"vc_empty_space_inner\"><\/span><\/div><div class=\"edgtf-testimonials-holder clearfix\"><div class=\"edgtf-slick-slider-navigation-style edgtf-testimonials edgtf-testimonials-type-carousel edgtf-testimonials-light\"  data-animation-speed =\"2000\"><div class=\"edgtf-testimonial-content edgtf-testimonials8388\">\r\n\t<div class=\"edgtf-testimonial-content-inner\">\r\n\t\t<div class=\"edgtf-testimonial-text-holder\">\r\n\t\t\t<div class=\"edgtf-testimonial-text-inner\">\r\n\t\t\t\t\t\t\t\t<p class=\"edgtf-testimonial-text\">\"I had Invisalign aligners for my upper and lower jaw for about 1.5 years and am absolutely satisfied with the results. You get used to the aligners very quickly. I didn't have any speech problems from the start. The aligners are truly (almost) invisible. I'm glad I had the treatment. If I'd known how easy it would be to straighten my teeth with the aligners, I would have started much sooner.\"<\/p>\r\n\t\t\t<\/div>\r\n\t\t\t<span class=\"edgtf-testimonial-arrow\"><\/span>\r\n\t\t<\/div>\r\n\t\t<div class=\"edgtf-testimonial-carousel-bottom\">\r\n\t\t\t\t\t\t\t\t\t\t<div class = \"edgtf-testimonial-author\">\r\n\t\t\t\t\t<h4 class=\"edgtf-testimonial-author-text\">\r\n\t\t\t\t\t\tRolf, 62 years old\t\t\t\t\t<\/h4>\r\n\t\t\t\t\t\t\t\t\t<\/div>\r\n\t\t\t\t\t<\/div>\r\n\t<\/div>\r\n<\/div>\r\n<div class=\"edgtf-testimonial-content edgtf-testimonials8387\">\r\n\t<div class=\"edgtf-testimonial-content-inner\">\r\n\t\t<div class=\"edgtf-testimonial-text-holder\">\r\n\t\t\t<div class=\"edgtf-testimonial-text-inner\">\r\n\t\t\t\t\t\t\t\t<p class=\"edgtf-testimonial-text\">\u201eDie lange Behandlungszeit hat sich wirklich gelohnt! Ich h\u00e4tte nie gedacht, dass meine Z\u00e4hne einmal so sch\u00f6n stehen w\u00fcrden. Zudem war die Zahnbehandlung mit den Invisalign-Schienen f\u00fcr mich sehr angenehm, abgesehen davon, dass ich mich in Ihrer Praxis sowieso immer sehr wohl gef\u00fchlt habe! Alle waren immer sehr freundlich und vor allem  geduldig mit mir. Ich m\u00f6chte mich bei Ihnen und Ihrem Team noch einmal ganz herzlich daf\u00fcr bedanken und bin froh, dass wir damals den Weg in Ihre Praxis gefunden haben!\u201c<\/p>\r\n\t\t\t<\/div>\r\n\t\t\t<span class=\"edgtf-testimonial-arrow\"><\/span>\r\n\t\t<\/div>\r\n\t\t<div class=\"edgtf-testimonial-carousel-bottom\">\r\n\t\t\t\t\t\t\t\t\t\t<div class = \"edgtf-testimonial-author\">\r\n\t\t\t\t\t<h4 class=\"edgtf-testimonial-author-text\">\r\n\t\t\t\t\t\tSonja, 19 years old\t\t\t\t\t<\/h4>\r\n\t\t\t\t\t\t\t\t\t<\/div>\r\n\t\t\t\t\t<\/div>\r\n\t<\/div>\r\n<\/div>\r\n<\/div><\/div><div class=\"vc_empty_space\"   style=\"height: 30px\"><span class=\"vc_empty_space_inner\"><\/span><\/div><\/div><\/div><\/div><\/div><\/div><div class=\"vc_row wpb_row vc_row-fluid edgtf-section edgtf-content-aligment-left\" style=\"\"><div class=\"clearfix edgtf-full-section-inner\"><div class=\"wpb_column vc_column_container vc_col-sm-12\"><div class=\"vc_column-inner\"><div class=\"wpb_wrapper\"><\/div><\/div><\/div><\/div><\/div>","protected":false},"excerpt":{"rendered":"","protected":false},"author":1,"featured_media":0,"parent":0,"menu_order":0,"comment_status":"closed","ping_status":"closed","template":"full-width.php","meta":{"footnotes":""},"class_list":["post-6280","page","type-page","status-publish","hentry"],"aioseo_notices":[],"_links":{"self":[{"href":"https:\/\/www.dr-majdani.de\/en\/wp-json\/wp\/v2\/pages\/6280","targetHints":{"allow":["GET"]}}],"collection":[{"href":"https:\/\/www.dr-majdani.de\/en\/wp-json\/wp\/v2\/pages"}],"about":[{"href":"https:\/\/www.dr-majdani.de\/en\/wp-json\/wp\/v2\/types\/page"}],"author":[{"embeddable":true,"href":"https:\/\/www.dr-majdani.de\/en\/wp-json\/wp\/v2\/users\/1"}],"replies":[{"embeddable":true,"href":"https:\/\/www.dr-majdani.de\/en\/wp-json\/wp\/v2\/comments?post=6280"}],"version-history":[{"count":0,"href":"https:\/\/www.dr-majdani.de\/en\/wp-json\/wp\/v2\/pages\/6280\/revisions"}],"wp:attachment":[{"href":"https:\/\/www.dr-majdani.de\/en\/wp-json\/wp\/v2\/media?parent=6280"}],"curies":[{"name":"wp","href":"https:\/\/api.w.org\/{rel}","templated":true}]}}

<div class="vc_row wpb_row vc_row-fluid edgtf-section vc_custom_1586073259382 edgtf-content-aligment-left" style=""><div class="clearfix edgtf-full-section-inner"><div class="wpb_column vc_column_container vc_col-sm-12"><div class="vc_column-inner"><div class="wpb_wrapper"><div class="vc_empty_space"   style="height: 30px"><span class="vc_empty_space_inner"></span></div><div class="edgtf-testimonials-holder clearfix"><div class="edgtf-slick-slider-navigation-style edgtf-testimonials edgtf-testimonials-type-carousel edgtf-testimonials-light"  data-animation-speed ="2000"><div class="edgtf-testimonial-content edgtf-testimonials8388">
	<div class="edgtf-testimonial-content-inner">
		<div class="edgtf-testimonial-text-holder">
			<div class="edgtf-testimonial-text-inner">
								<p class="edgtf-testimonial-text">"I had Invisalign aligners for my upper and lower jaw for about 1.5 years and am absolutely satisfied with the results. You get used to the aligners very quickly. I didn't have any speech problems from the start. The aligners are truly (almost) invisible. I'm glad I had the treatment. If I'd known how easy it would be to straighten my teeth with the aligners, I would have started much sooner."</p>
			</div>
			<span class="edgtf-testimonial-arrow"></span>
		</div>
		<div class="edgtf-testimonial-carousel-bottom">
										<div class = "edgtf-testimonial-author">
					<h4 class="edgtf-testimonial-author-text">
						Rolf, 62 years old					</h4>
									</div>
					</div>
	</div>
</div>
<div class="edgtf-testimonial-content edgtf-testimonials8387">
	<div class="edgtf-testimonial-content-inner">
		<div class="edgtf-testimonial-text-holder">
			<div class="edgtf-testimonial-text-inner">
								<p class="edgtf-testimonial-text">„Die lange Behandlungszeit hat sich wirklich gelohnt! Ich hätte nie gedacht, dass meine Zähne einmal so schön stehen würden. Zudem war die Zahnbehandlung mit den Invisalign-Schienen für mich sehr angenehm, abgesehen davon, dass ich mich in Ihrer Praxis sowieso immer sehr wohl gefühlt habe! Alle waren immer sehr freundlich und vor allem  geduldig mit mir. Ich möchte mich bei Ihnen und Ihrem Team noch einmal ganz herzlich dafür bedanken und bin froh, dass wir damals den Weg in Ihre Praxis gefunden haben!“</p>
			</div>
			<span class="edgtf-testimonial-arrow"></span>
		</div>
		<div class="edgtf-testimonial-carousel-bottom">
										<div class = "edgtf-testimonial-author">
					<h4 class="edgtf-testimonial-author-text">
						Sonja, 19 years old					</h4>
									</div>
					</div>
	</div>
</div>
</div></div><div class="vc_empty_space"   style="height: 30px"><span class="vc_empty_space_inner"></span></div></div></div></div></div></div><div class="vc_row wpb_row vc_row-fluid edgtf-section edgtf-content-aligment-left" style=""><div class="clearfix edgtf-full-section-inner"><div class="wpb_column vc_column_container vc_col-sm-12"><div class="vc_column-inner"><div class="wpb_wrapper"></div></div></div></div></div>
